{"id":1182,"date":"2016-09-05T18:36:04","date_gmt":"2016-09-05T18:36:04","guid":{"rendered":"http:\/\/demos.famethemes.com\/screenr\/?page_id=5"},"modified":"2025-05-07T19:45:32","modified_gmt":"2025-05-07T16:45:32","slug":"homepage","status":"publish","type":"page","link":"https:\/\/www.dorliontasimacilik.com\/","title":{"rendered":"DORL\u0130ON TA\u015eIMACILIK"},"content":{"rendered":"\n<h2 class=\"wp-block-heading\">Eski\u015fehir Evden Eve Nakliyat <\/h2>\n\n\n\n<figure class=\"wp-block-gallery has-nested-images columns-default is-cropped wp-block-gallery-1 is-layout-flex wp-block-gallery-is-layout-flex\">\n<figure class=\"wp-block-image size-large\"><img loading=\"lazy\" decoding=\"async\" width=\"1024\" height=\"768\" data-id=\"1412\" src=\"https:\/\/www.dorliontasimacilik.com\/wp-content\/uploads\/2025\/05\/IMG-20190619-WA0009-1024x768.jpg\" alt=\"\" class=\"wp-image-1412\" srcset=\"https:\/\/www.dorliontasimacilik.com\/wp-content\/uploads\/2025\/05\/IMG-20190619-WA0009-1024x768.jpg 1024w, https:\/\/www.dorliontasimacilik.com\/wp-content\/uploads\/2025\/05\/IMG-20190619-WA0009-300x225.jpg 300w, https:\/\/www.dorliontasimacilik.com\/wp-content\/uploads\/2025\/05\/IMG-20190619-WA0009-768x576.jpg 768w, https:\/\/www.dorliontasimacilik.com\/wp-content\/uploads\/2025\/05\/IMG-20190619-WA0009-1536x1152.jpg 1536w, https:\/\/www.dorliontasimacilik.com\/wp-content\/uploads\/2025\/05\/IMG-20190619-WA0009.jpg 1600w\" sizes=\"auto, (max-width: 1024px) 100vw, 1024px\" \/><\/figure>\n<\/figure>\n\n\n<h1 class=\"wp-block-site-title\"><a href=\"https:\/\/www.dorliontasimacilik.com\" target=\"_self\" rel=\"home\">DORL\u0130ON EVDEN EVE NAKL\u0130YAT<\/a><\/h1>\n\n\n<ul class=\"wp-block-list\">\n<li><\/li>\n<\/ul>\n\n\n<form role=\"search\" method=\"get\" action=\"https:\/\/www.dorliontasimacilik.com\/\" class=\"wp-block-search__button-outside wp-block-search__text-button wp-block-search\"    ><label class=\"wp-block-search__label\" for=\"wp-block-search__input-2\" >Ara<\/label><div class=\"wp-block-search__inside-wrapper\"  style=\"width: 840px\"><input class=\"wp-block-search__input\" id=\"wp-block-search__input-2\" placeholder=\"\" value=\"\" type=\"search\" name=\"s\" required \/><button aria-label=\"Ara\" class=\"wp-block-search__button wp-element-button\" type=\"submit\" >Ara<\/button><\/div><\/form>\n\n<div class=\"aioseo-html-sitemap\"><style>.aioseo-html-sitemap.labels-hidden ul { margin: 0; }<\/style><div class=\"aioseo-html-page-sitemap\"><h4>Sayfalar<\/h4><ul><li><a href=\"https:\/\/www.dorliontasimacilik.com\/\" >DORL\u0130ON TA\u015eIMACILIK (5 Eyl\u00fcl 2016)<\/a><\/li><li><a href=\"https:\/\/www.dorliontasimacilik.com\/index.php\/about\/\" >Hakk\u0131m\u0131zda (5 Eyl\u00fcl 2016)<\/a><\/li><li><a href=\"https:\/\/www.dorliontasimacilik.com\/index.php\/responsive-design\/\" >Galeri (5 Eyl\u00fcl 2016)<\/a><\/li><li><a href=\"https:\/\/www.dorliontasimacilik.com\/index.php\/dinamik-tasimacilik2\/\" >Dinamik Ta\u015f\u0131mac\u0131l\u0131k (24 A\u011fustos 2018)<\/a><\/li><li><a href=\"https:\/\/www.dorliontasimacilik.com\/index.php\/sigortali-nakliye\/\" >Sigortal\u0131 Nakliye (24 A\u011fustos 2018)<\/a><\/li><li><a href=\"https:\/\/www.dorliontasimacilik.com\/index.php\/asansorlu-tasimacilik\/\" >Asans\u00f6rl\u00fc Ta\u015f\u0131mac\u0131l\u0131k (24 A\u011fustos 2018)<\/a><\/li><li><a href=\"https:\/\/www.dorliontasimacilik.com\/index.php\/1385-2\/\" >Eski\u015fehir dorlion evden eve nakliyat (8 \u015eubat 2025)<\/a><\/li><li><a href=\"https:\/\/www.dorliontasimacilik.com\/index.php\/eskisehir-dorlion-evden-eve-nakliyat\/\" >Eski\u015fehir dorlion evden eve nakliyat (8 \u015eubat 2025)<\/a><\/li><li><a href=\"https:\/\/www.dorliontasimacilik.com\/index.php\/eskisehir-evden-eve-nakliyat\/\" >Eski\u015fehir Evden Eve Nakliyat (12 Mart 2025)<\/a><\/li><\/ul><\/div><br \/><\/div>","protected":false},"excerpt":{"rendered":"<p>Eski\u015fehir Evden Eve Nakliyat<\/p>\n","protected":false},"author":2,"featured_media":0,"parent":0,"menu_order":0,"comment_status":"closed","ping_status":"closed","template":"template-frontpage.php","meta":{"_monsterinsights_skip_tracking":false,"_monsterinsights_sitenote_active":false,"_monsterinsights_sitenote_note":"","_monsterinsights_sitenote_category":0,"_uf_show_specific_survey":0,"_uf_disable_surveys":false,"footnotes":""},"class_list":["post-1182","page","type-page","status-publish","hentry"],"aioseo_notices":[],"_links":{"self":[{"href":"https:\/\/www.dorliontasimacilik.com\/index.php\/wp-json\/wp\/v2\/pages\/1182","targetHints":{"allow":["GET"]}}],"collection":[{"href":"https:\/\/www.dorliontasimacilik.com\/index.php\/wp-json\/wp\/v2\/pages"}],"about":[{"href":"https:\/\/www.dorliontasimacilik.com\/index.php\/wp-json\/wp\/v2\/types\/page"}],"author":[{"embeddable":true,"href":"https:\/\/www.dorliontasimacilik.com\/index.php\/wp-json\/wp\/v2\/users\/2"}],"replies":[{"embeddable":true,"href":"https:\/\/www.dorliontasimacilik.com\/index.php\/wp-json\/wp\/v2\/comments?post=1182"}],"version-history":[{"count":6,"href":"https:\/\/www.dorliontasimacilik.com\/index.php\/wp-json\/wp\/v2\/pages\/1182\/revisions"}],"predecessor-version":[{"id":1416,"href":"https:\/\/www.dorliontasimacilik.com\/index.php\/wp-json\/wp\/v2\/pages\/1182\/revisions\/1416"}],"wp:attachment":[{"href":"https:\/\/www.dorliontasimacilik.com\/index.php\/wp-json\/wp\/v2\/media?parent=1182"}],"curies":[{"name":"wp","href":"https:\/\/api.w.org\/{rel}","templated":true}]}}